0
Calculate the highest common factor of 590 and 4422935.
295
What is the greatest common divisor of 328 and 442984?
8
Calculate the highest common factor of 410 and 59383160.
10
Calculate the greatest common factor of 1271 and 719851.
31
What is the greatest common factor of 5418 and 4590981?
387
Calculate the greatest common divisor of 259038 and 45198810.
6642
What is the greatest common factor of 45 and 27744960?
15
Calculate the greatest common factor of 53375324 and 14202.
526
What is the highest common divisor of 15595336 and 40?
8
What is the greatest common divisor of 20 and 994442750?
10
What is the highest common divisor of 1536 and 630150144?
1536
Calculate the greatest common factor of 2485296 and 6534.
594
What is the highest common divisor of 1 and 19039513?
1
What is the highest common divisor of 7454 and 389?
1
Calculate the greatest common factor of 3025588 and 2195.
439
Calculate the greatest common factor of 6760 and 4568408.
1352
Calculate the highest common divisor of 76 and 123967552.
76
What is the greatest common factor of 1142263590 and 40?
10
What is the greatest common factor of 5676 and 40205?
473
What is the greatest common divisor of 117280174 and 3542?
506
What is the greatest common divisor of 71325648 and 86?
86
Calculate the greatest common factor of 244 and 1859236.
4
Calculate the highest common divisor of 3386488 and 1204.
28
Calculate the greatest common factor of 3077188 and 20.
4
Calculate the greatest common divisor of 4532976 and 4536.
1512
What is the highest common factor of 1714 and 26568714?
1714
Calculate the greatest common factor of 495779 and 83647.
359
Calculate the highest common factor of 10920 and 415080.
120
Calculate the greatest common factor of 220558 and 3341.
13
Calculate the greatest common divisor of 265578016 and 396.
44
Calculate the greatest common factor of 668526 and 4952414.
3326
What is the highest common divisor of 6238650 and 114?
114
Calculate the highest common factor of 1352 and 58856278.
338
What is the greatest common factor of 3403 and 17753?
41
What is the highest common divisor of 11 and 6755243?
11
Calculate the highest common factor of 7818535 and 45.
5
What is the highest common factor of 128896758 and 6?
6
Calculate the highest common factor of 5240 and 526310.
10
Calculate the greatest common factor of 17287204 and 516.
172
What is the highest common factor of 37869 and 63921?
39
What is the greatest common divisor of 34 and 809302?
34
What is the highest common divisor of 166946 and 34?
2
Calculate the greatest common factor of 26424 and 193597638.
2202
What is the highest common factor of 3408128 and 1024?
256
What is the highest common divisor of 4806 and 1301454?
54
Calculate the highest common divisor of 171313513 and 83748.
6979
What is the greatest common factor of 34 and 39817502?
34
Calculate the greatest common divisor of 42555578 and 1384.
346
Calculate the highest common factor of 218904 and 82866.
42
Calculate the greatest common divisor of 3786 and 2442.
6
Calculate the greatest common divisor of 22 and 2564903.
11
Calculate the highest common divisor of 5521839 and 1025.
41
What is the greatest common factor of 1467 and 251973387?
1467
Calculate the greatest common factor of 10 and 4078395.
5
Calculate the greatest common divisor of 3417485 and 157765.
1135
What is the greatest common divisor of 896 and 154644?
28
Calculate the highest common factor of 10811 and 462137.
19
Calculate the greatest common factor of 12486 and 1497433494.
12486
Calculate the highest common divisor of 294399 and 6867.
63
Calculate the highest common factor of 704997 and 2214.
27
What is the greatest common divisor of 1860 and 2667281850?
930
Calculate the greatest common factor of 11697313 and 188.
47
Calculate the greatest common factor of 4352 and 1688832.
256
What is the greatest common factor of 28836104 and 88?
88
Calculate the highest common factor of 710 and 75834958.
142
Calculate the greatest common factor of 225161310 and 660.
330
What is the highest common factor of 204 and 13931852?
4
Calculate the highest common factor of 1785 and 2360841.
357
Calculate the highest common factor of 222959816 and 3096.
344
What is the highest common factor of 138306990 and 1194?
1194
What is the highest common divisor of 2387 and 5620769?
77
What is the highest common divisor of 671 and 2814113?
61
What is the highest common factor of 316 and 34592599?
79
What is the highest common divisor of 67854817 and 301?
43
Calculate the greatest common divisor of 267618 and 297986.
1898
Calculate the highest common divisor of 30508830 and 2970.
990
What is the highest common factor of 483210375 and 750?
375
Calculate the greatest common factor of 15620808 and 1464.
24
What is the highest common factor of 20685783 and 19203?
519
What is the highest common divisor of 4741975 and 21725?
1975
What is the greatest common factor of 261 and 3550847?
29
What is the greatest common divisor of 139391531 and 13206?
2201
What is the greatest common divisor of 45 and 43633735?
5
Calculate the greatest common factor of 1600 and 273550400.
1600
Calculate the highest common divisor of 1233 and 2284886.
137
Calculate the highest common factor of 245 and 26873.
7
What is the highest common divisor of 18188104 and 135413?
7127
What is the highest common divisor of 324984 and 2256?
24
What is the greatest common factor of 88346314 and 34?
34
Calculate the greatest common divisor of 2071 and 91887.
109
Calculate the greatest common divisor of 76075458 and 1272.
318
What is the highest common divisor of 1248 and 4267008?
96
Calculate the highest common divisor of 284501543 and 1291.
1291
What is the greatest common factor of 104066 and 1198?
2
What is the highest common factor of 17 and 217786422?
17
Calculate the greatest common factor of 1093921410 and 123.
123
What is the highest common divisor of 1451903 and 895392?
3109
Calculate the greatest common divisor of 75451 and 4925.
197
What is the greatest common divisor of 32 and 11919136?
32
Calculate the highest common divisor of 256587 and 1190679.
2883
What is the highest common factor of 682561872 and 288?
144
What is the highest common factor of 3150705 and 2175?
435
Calculate the greatest common divisor of 405 and 14320470.
15
Calculate the greatest common factor of 132187 and 388817.
11
Calculate the highest common divisor of 32 and 1005072.
16
Calculate the highest common divisor of 226768338 and 1332.
666
Calculate the greatest common divisor of 3876115 and 11765.
905
What is the greatest common divisor of 17973660 and 630?
30
What is the greatest common factor of 204 and 3979920?
12
Calculate the highest common factor of 3528 and 30968.
392
What is the highest common factor of 32718180 and 1020?
60
Calculate the highest common factor of 158432410 and 40.
10
Calculate the greatest common divisor of 12443 and 1271601.
23
What is the highest common factor of 1871247 and 861?
21
Calculate the greatest common divisor of 223017019 and 148.
37
Calculate the highest common divisor of 18 and 1968129.
9
What is the highest common divisor of 12593 and 7237377?
1799
What is the highest common divisor of 4791926 and 204?
34
What is the highest common divisor of 7996443 and 14196?
273
What is the greatest common factor of 104607 and 18467?
59
What is the greatest common factor of 609224 and 323876?
1204
Calculate the greatest common factor of 776 and 328713988.
388
Calculate the highest common divisor of 52 and 46965659.
13
Calculate the greatest common factor of 8104 and 6181326.
2026
Calculate the greatest common divisor of 673044324 and 12.
12
Calculate the greatest common divisor of 31167959 and 2540.
127
Calculate the greatest common divisor of 34546 and 46739236.
1502
Calculate the highest common factor of 4 and 38909636.
4
Calculate the highest common divisor of 2312422586 and 13532.
6766
What is the greatest common divisor of 99 and 20302092?
9
What is the greatest common divisor of 10 and 10057406?
2
What is the greatest common divisor of 38 and 1130519?
19
What is the greatest common divisor of 2901 and 4869?
3
Calculate the greatest common factor of 7630 and 103841030.
1090
What is the highest common divisor of 16 and 110072?
8
Calculate the